07
Calculate the remainder when 273132 is divided by 1552.
1532
Calculate the remainder when 3406048 is divided by 2175.
2173
Calculate the remainder when 42020 is divided by 6377.
3758
What is the remainder when 53587688 is divided by 666?
662
What is the remainder when 2743626 is divided by 15?
6
Calculate the remainder when 35152685 is divided by 290518.
7
What is the remainder when 6684163 is divided by 3419?
18
What is the remainder when 34829764 is divided by 319539?
13
Calculate the remainder when 5944368 is divided by 58.
6
What is the remainder when 84343530 is divided by 71?
3
Calculate the remainder when 7135467 is divided by 1367.
1094
What is the remainder when 351237 is divided by 175349?
539
What is the remainder when 116370 is divided by 1237?
92
Calculate the remainder when 20965858 is divided by 3494309.
4
Calculate the remainder when 3018247 is divided by 754340.
887
Calculate the remainder when 225064 is divided by 10717.
7
What is the remainder when 5985938 is divided by 1474?
24
Calculate the remainder when 285827771 is divided by 267.
266
What is the remainder when 80021641 is divided by 23?
18
Calculate the remainder when 11630 is divided by 999.
641
What is the remainder when 16780532 is divided by 1867?
1803
Calculate the remainder when 14757175 is divided by 22.
15
Calculate the remainder when 2685204 is divided by 1382.
1360
Calculate the remainder when 496213 is divided by 164121.
3850
Calculate the remainder when 26449 is divided by 223.
135
Calculate the remainder when 165745 is divided by 18396.
181
Calculate the remainder when 142966 is divided by 203.
54
What is the remainder when 150664 is divided by 3587?
10
What is the remainder when 339595 is divided by 316?
211
Calculate the remainder when 100252493 is divided by 33417490.
23
What is the remainder when 26202028 is divided by 146?
138
Calculate the remainder when 644275 is divided by 95.
80
Calculate the remainder when 105072565 is divided by 3700.
3665
What is the remainder when 83209292 is divided by 9162?
8
Calculate the remainder when 1000784 is divided by 678.
56
What is the remainder when 77005 is divided by 53?
49
Calculate the remainder when 129608 is divided by 42555.
1943
What is the remainder when 28250294 is divided by 55176?
182
Calculate the remainder when 1171297 is divided by 2730.
127
Calculate the remainder when 116969 is divided by 23336.
289
Calculate the remainder when 767336 is divided by 24.
8
Calculate the remainder when 2300512 is divided by 2802.
70
What is the remainder when 29745 is divided by 1444?
865
Calculate the remainder when 1361356 is divided by 680511.
334
Calculate the remainder when 42035 is divided by 11590.
7265
Calculate the remainder when 22585643 is divided by 353.
350
Calculate the remainder when 9694528 is divided by 139.
112
Calculate the remainder when 2502684 is divided by 2654.
2616
Calculate the remainder when 4101772 is divided by 205088.
12
What is the remainder when 4341487 is divided by 410?
407
What is the remainder when 206460 is divided by 68816?
12
Calculate the remainder when 386341 is divided by 5365.
61
What is the remainder when 687025 is divided by 8481?
64
Calculate the remainder when 2183393 is divided by 2183364.
29
Calculate the remainder when 99051 is divided by 55.
51
What is the remainder when 1535485 is divided by 511820?
25
What is the remainder when 263043 is divided by 308?
11
Calculate the remainder when 108996263 is divided by 134.
127
What is the remainder when 16688512 is divided by 791?
785
What is the remainder when 329713 is divided by 14330?
123
What is the remainder when 65865 is divided by 31698?
2469
Calculate the remainder when 129842 is divided by 5901.
20
Calculate the remainder when 24847 is divided by 195.
82
Calculate the remainder when 211024428 is divided by 310.
298
What is the remainder when 227166 is divided by 227156?
10
Calculate the remainder when 2498380 is divided by 8891.
9
Calculate the remainder when 2460075 is divided by 460.
455
What is the remainder when 415118 is divided by 1530?
488
What is the remainder when 6518 is divided by 2992?
534
What is the remainder when 607787 is divided by 202223?
1118
Calculate the remainder when 354771040 is divided by 177385518.
4
Calculate the remainder when 2248411 is divided by 19551.
46
What is the remainder when 2079592 is divided by 16?
8
Calculate the remainder when 30920607 is divided by 73.
70
What is the remainder when 12128 is divided by 919?
181
What is the remainder when 60813 is divided by 1378?
181
Calculate the remainder when 953707 is divided by 766.
37
What is the remainder when 36476642 is divided by 377?
7
Calculate the remainder when 59036628 is divided by 2830.
2828
What is the remainder when 11752 is divided by 1266?
358
What is the remainder when 19016013 is divided by 124?
117
Calculate the remainder when 1196767 is divided by 299189.
11
What is the remainder when 1094384 is divided by 2702?
74
Calculate the remainder when 341628 is divided by 453.
66
What is the remainder when 887967 is divided by 88775?
217
Calculate the remainder when 7028615 is divided by 2342841.
92
What is the remainder when 6667535 is divided by 49?
7
Calculate the remainder when 324749 is divided by 16449.
12218
Calculate the remainder when 14705626 is divided by 3170.
3166
What is the remainder when 37969277 is divided by 128?
125
Calculate the remainder when 79415472 is divided by 19853868.
0
What is the remainder when 60456814 is divided by 56?
54
What is the remainder when 1729319 is divided by 82246?
2153
What is the remainder when 1347905 is divided by 84031?
3409
Calculate the remainder when 620181 is divided by 4775.
4206
Calculate the remainder when 1872545 is divided by 145.
15
Calculate the remainder when 9553307 is divided by 10.
7
Calculate the remainder when 220594 is divided by 36729.
220
What is the remainder when 116467758 is divided by 7487?
7473
What is the remainder when 118597 is divided by 11821?
387
Calculate the remainder when 35087602 is divided by 564.
34
What is the remainder when 938010 is divided by 9?
3
What is the remainder when 1100312 is divided by 28?
24
What is the remainder when 1086323 is divided by 108597?
353
What is the remainder when 5149346 is divided by 572143?
59
What is the remainder when 139456 is divided by 4507?
4246
What is the remainder when 1989158 is divided by 8?
6
What is the remainder when 23943903 is divided by 588?
543
Calculate the remainder when 11758174 is divided by 1713.
142
Calculate the remainder when 537069632 is divided by 541.
538
What is the remainder when 181192 is divided by 216?
184
Calculate the remainder when 1380387 is divided by 1379887.
500
Calculate the remainder when 132646738 is divided by 66323359.
20
Calculate the remainder when 4276485 is divided by 95033.
0
Calculate the remainder when 12104559 is divided by 27699.
96
Calculate the remainder when 891177 is divided by 97.
38
What is the remainder when 1999935 is divided by 58?
37
Calculate the remainder when 253628 is divided by 395.
38
What is the remainder when 5374808 is divided by 65?
23
Calculate the remainder when 325527 is divided by 9280.
727
What is the remainder when 640194 is divided by 385?
324
What is the remainder when 722563 is divided by 24?
19
What is the remainder when 4219485 is divided by 1054870?
5
Calculate the remainder when 3565546 is divided by 297128.
10
Calculate the remainder when 292926 is divided by 146441.
44
What is the remainder when 462397 is divided by 17?
14
Calculate the remainder when 876523 is divided by 154.
109
Calculate the remainder when 1877574 is divided by 984.
102
Calculate the remainder when 6646920 is divided by 390994.
22
What is the remainder when 90121606 is divided by 26?
16
Calculate the remainder when 475173 is divided by 474806.
367
What is the remainder when 582576 is divided by 3022?
2352
Calculate the remainder when 400278 is divided by 254.
228
What is the remainder when 505821748 is divided by 7?
5
What is the remainder when 306070818 is divided by 220?
218
Calculate the remainder when 77165 is divided by 25241.
1442
What is the remainder when 5756374 is divided by 8006?
60
What is the remainder when 2762488 is divided by 